{"id":296,"date":"2024-06-25T16:54:21","date_gmt":"2024-06-25T14:54:21","guid":{"rendered":"https:\/\/vaskuchar.cz\/?post_type=product&#038;p=296"},"modified":"2024-06-25T16:57:33","modified_gmt":"2024-06-25T14:57:33","slug":"segedinsky-gulas","status":"publish","type":"product","link":"https:\/\/vaskuchar.cz\/?product=segedinsky-gulas","title":{"rendered":"Segedinsk\u00fd gul\u00e1\u0161"},"content":{"rendered":"<ul>\n<li>Vep\u0159ov\u00e9 maso a klasick\u00e1 om\u00e1\u010dka se zel\u00edm.<\/li>\n<li>Jako p\u0159\u00edloha \u0161est v\u00fdborn\u00fdch knedl\u00edk\u016f.<\/li>\n<li>Tradi\u010dn\u00ed chu\u0165, rychl\u00e1 p\u0159\u00edprava.<\/li>\n<\/ul>\n<p>Hluboce mrazen\u00fd v\u00fdrobek.<\/p>\n","protected":false},"excerpt":{"rendered":"<p>Vep\u0159ov\u00e9 maso a klasick\u00e1 om\u00e1\u010dka se zel\u00edm. Jako p\u0159\u00edloha \u0161est v\u00fdborn\u00fdch knedl\u00edk\u016f. Tradi\u010dn\u00ed chu\u0165, rychl\u00e1 p\u0159\u00edprava. Hluboce mrazen\u00fd v\u00fdrobek.<\/p>\n","protected":false},"featured_media":286,"comment_status":"open","ping_status":"closed","template":"","meta":{"_et_pb_use_builder":"","_et_pb_old_content":"","_et_gb_content_width":""},"product_cat":[16,31],"product_tag":[],"class_list":{"0":"post-296","1":"product","2":"type-product","3":"status-publish","4":"has-post-thumbnail","6":"product_cat-nezarazene","7":"product_cat-family-market","9":"first","10":"instock","11":"shipping-taxable","12":"purchasable","13":"product-type-simple"},"_links":{"self":[{"href":"https:\/\/vaskuchar.cz\/index.php?rest_route=\/wp\/v2\/product\/296","targetHints":{"allow":["GET"]}}],"collection":[{"href":"https:\/\/vaskuchar.cz\/index.php?rest_route=\/wp\/v2\/product"}],"about":[{"href":"https:\/\/vaskuchar.cz\/index.php?rest_route=\/wp\/v2\/types\/product"}],"replies":[{"embeddable":true,"href":"https:\/\/vaskuchar.cz\/index.php?rest_route=%2Fwp%2Fv2%2Fcomments&post=296"}],"wp:featuredmedia":[{"embeddable":true,"href":"https:\/\/vaskuchar.cz\/index.php?rest_route=\/wp\/v2\/media\/286"}],"wp:attachment":[{"href":"https:\/\/vaskuchar.cz\/index.php?rest_route=%2Fwp%2Fv2%2Fmedia&parent=296"}],"wp:term":[{"taxonomy":"product_cat","embeddable":true,"href":"https:\/\/vaskuchar.cz\/index.php?rest_route=%2Fwp%2Fv2%2Fproduct_cat&post=296"},{"taxonomy":"product_tag","embeddable":true,"href":"https:\/\/vaskuchar.cz\/index.php?rest_route=%2Fwp%2Fv2%2Fproduct_tag&post=296"}],"curies":[{"name":"wp","href":"https:\/\/api.w.org\/{rel}","templated":true}]}}